{"id":14,"date":"2015-07-31T11:02:36","date_gmt":"2015-07-31T11:02:36","guid":{"rendered":"http:\/\/vidaq.net\/wp1\/?page_id=14"},"modified":"2016-09-15T15:54:16","modified_gmt":"2016-09-15T15:54:16","slug":"kontakt","status":"publish","type":"page","link":"https:\/\/vidaq.net\/wp1\/index.php\/kontakt\/","title":{"rendered":"Kontakt"},"content":{"rendered":"<p><strong><a href=\"http:\/\/www.google.se\/maps\/@59.6086496,16.2277417,9.26z\" target=\"_blank\"><img decoding=\"async\" loading=\"lazy\" class=\"alignright wp-image-133\" src=\"http:\/\/vidaq.net\/wp1\/wp-content\/uploads\/2015\/08\/Karta2_JPEG-300x188.jpg\" alt=\"Karta2_JPEG\" width=\"400\" height=\"251\" srcset=\"https:\/\/vidaq.net\/wp1\/wp-content\/uploads\/2015\/08\/Karta2_JPEG-300x188.jpg 300w, https:\/\/vidaq.net\/wp1\/wp-content\/uploads\/2015\/08\/Karta2_JPEG-436x272.jpg 436w, https:\/\/vidaq.net\/wp1\/wp-content\/uploads\/2015\/08\/Karta2_JPEG.jpg 562w\" sizes=\"(max-width: 400px) 100vw, 400px\" \/><\/a><\/strong><\/p>\n<p>&nbsp;<\/p>\n<p><strong>Vidaq Sweden AB<\/strong><br \/>\nBox 16<br \/>\n734 21 Hallstahammar<br \/>\n076-044 45 04<br \/>\n<a href=\"mailto:info@vidaq.net\" target=\"_blank\">info(at)vidaq.net<\/a><\/p>\n<p>&nbsp;<\/p>\n<p>&nbsp;<\/p>\n<p>&nbsp;<\/p>\n<p>F\u00f6retaget innehar F-skatt samt ansvarsf\u00f6rs\u00e4kring<\/p>\n<p>Vi har h\u00e4ngavtal med Unionen.<\/p>\n","protected":false},"excerpt":{"rendered":"<p>&nbsp; Vidaq Sweden AB Box 16 734 21 Hallstahammar 076-044 45 04 info(at)vidaq.net &nbsp; &nbsp; &nbsp; F\u00f6retaget innehar F-skatt samt ansvarsf\u00f6rs\u00e4kring Vi har h\u00e4ngavtal med Unionen.<\/p>\n","protected":false},"author":1,"featured_media":0,"parent":0,"menu_order":1,"comment_status":"closed","ping_status":"closed","template":"templates\/template-full.php","meta":[],"_links":{"self":[{"href":"https:\/\/vidaq.net\/wp1\/index.php\/wp-json\/wp\/v2\/pages\/14"}],"collection":[{"href":"https:\/\/vidaq.net\/wp1\/index.php\/wp-json\/wp\/v2\/pages"}],"about":[{"href":"https:\/\/vidaq.net\/wp1\/index.php\/wp-json\/wp\/v2\/types\/page"}],"author":[{"embeddable":true,"href":"https:\/\/vidaq.net\/wp1\/index.php\/wp-json\/wp\/v2\/users\/1"}],"replies":[{"embeddable":true,"href":"https:\/\/vidaq.net\/wp1\/index.php\/wp-json\/wp\/v2\/comments?post=14"}],"version-history":[{"count":13,"href":"https:\/\/vidaq.net\/wp1\/index.php\/wp-json\/wp\/v2\/pages\/14\/revisions"}],"predecessor-version":[{"id":272,"href":"https:\/\/vidaq.net\/wp1\/index.php\/wp-json\/wp\/v2\/pages\/14\/revisions\/272"}],"wp:attachment":[{"href":"https:\/\/vidaq.net\/wp1\/index.php\/wp-json\/wp\/v2\/media?parent=14"}],"curies":[{"name":"wp","href":"https:\/\/api.w.org\/{rel}","templated":true}]}}