{"id":20,"date":"2015-07-31T11:05:18","date_gmt":"2015-07-31T11:05:18","guid":{"rendered":"http:\/\/vidaq.net\/wp1\/?page_id=20"},"modified":"2016-02-01T09:04:07","modified_gmt":"2016-02-01T09:04:07","slug":"plc-programmering","status":"publish","type":"page","link":"https:\/\/vidaq.net\/wp1\/index.php\/plc-programmering\/","title":{"rendered":"PLC programmering"},"content":{"rendered":"<h2><span style=\"color: #000000; text-decoration: underline;\">PLC-programmering<\/span><\/h2>\n<p>Vi utf\u00f6r PLC programmering\u00a0p\u00e5 marknadens mest f\u00f6rkommande PLC fabrikat. V\u00e5r programmering utf\u00f6rs\u00a0med\u00a0FBD (Funktions blocks diagram)\u00a0eller i form av\u00a0LAD (Ladder diagram). I undantagsfall kan vi \u00e4ven utf\u00f6ra programmeringen i ST (Strukturerad text).<\/p>\n<p><img decoding=\"async\" loading=\"lazy\" class=\"size-medium wp-image-96 alignright\" src=\"http:\/\/vidaq.net\/wp1\/wp-content\/uploads\/2015\/08\/Siemens2_JPEG-300x225.jpg\" alt=\"Siemens2_JPEG\" width=\"300\" height=\"225\" srcset=\"https:\/\/vidaq.net\/wp1\/wp-content\/uploads\/2015\/08\/Siemens2_JPEG-300x225.jpg 300w, https:\/\/vidaq.net\/wp1\/wp-content\/uploads\/2015\/08\/Siemens2_JPEG.jpg 596w\" sizes=\"(max-width: 300px) 100vw, 300px\" \/><\/p>\n<p>F\u00f6ljande moderna PLC system hanterar vi idag med tillh\u00f6rande programmeringsmilj\u00f6.<\/p>\n<ul>\n<li><span style=\"color: #0000ff;\">ABB- AC800M<\/span><\/li>\n<li><span style=\"color: #0000ff;\">ABB- AC500<\/span><\/li>\n<li><span style=\"color: #0000ff;\">Siemens S7<\/span><\/li>\n<li><span style=\"color: #0000ff;\">Mitsubishi<\/span><\/li>\n<li><span style=\"color: #0000ff;\">Pluto (ABB)<\/span><\/li>\n<li><span style=\"color: #0000ff;\">Saia PG5<\/span><\/li>\n<\/ul>\n<p>&nbsp;<\/p>\n<p>&nbsp;<\/p>\n","protected":false},"excerpt":{"rendered":"<p>PLC-programmering Vi utf\u00f6r PLC programmering\u00a0p\u00e5 marknadens mest f\u00f6rkommande PLC fabrikat. V\u00e5r programmering utf\u00f6rs\u00a0med\u00a0FBD (Funktions blocks diagram)\u00a0eller i form av\u00a0LAD (Ladder diagram). I undantagsfall kan vi \u00e4ven utf\u00f6ra programmeringen i ST (Strukturerad text). F\u00f6ljande moderna PLC system hanterar vi idag med tillh\u00f6rande programmeringsmilj\u00f6. ABB- AC800M ABB- AC500 Siemens S7 Mitsubishi Pluto (ABB) Saia PG5 &nbsp; &nbsp;<\/p>\n","protected":false},"author":1,"featured_media":0,"parent":0,"menu_order":1,"comment_status":"closed","ping_status":"closed","template":"templates\/template-full-notitle.php","meta":[],"_links":{"self":[{"href":"https:\/\/vidaq.net\/wp1\/index.php\/wp-json\/wp\/v2\/pages\/20"}],"collection":[{"href":"https:\/\/vidaq.net\/wp1\/index.php\/wp-json\/wp\/v2\/pages"}],"about":[{"href":"https:\/\/vidaq.net\/wp1\/index.php\/wp-json\/wp\/v2\/types\/page"}],"author":[{"embeddable":true,"href":"https:\/\/vidaq.net\/wp1\/index.php\/wp-json\/wp\/v2\/users\/1"}],"replies":[{"embeddable":true,"href":"https:\/\/vidaq.net\/wp1\/index.php\/wp-json\/wp\/v2\/comments?post=20"}],"version-history":[{"count":6,"href":"https:\/\/vidaq.net\/wp1\/index.php\/wp-json\/wp\/v2\/pages\/20\/revisions"}],"predecessor-version":[{"id":170,"href":"https:\/\/vidaq.net\/wp1\/index.php\/wp-json\/wp\/v2\/pages\/20\/revisions\/170"}],"wp:attachment":[{"href":"https:\/\/vidaq.net\/wp1\/index.php\/wp-json\/wp\/v2\/media?parent=20"}],"curies":[{"name":"wp","href":"https:\/\/api.w.org\/{rel}","templated":true}]}}